4*o. Suppose 4*c = -3*y + 804, 4*y - 374 - 229 = -o*c. Is c a composite number?
True
Suppose -3*s - z = -0*z - 4601, 2*z = -2*s + 3074. Let g = -767 + s. Suppose -4*f + a = -g, f = -0*f - 5*a + 186. Is f a composite number?
False
Let w = -9583 + 18444. Is w prime?
True
Is 240/(-36)*25686/(-24) a composite number?
True
Suppose -115716 = -17*d + 200875. Is d a prime number?
False
Let k(b) = b**3 + 3*b + 21766. Is k(0) prime?
False
Let y(u) = 95*u**2 + 19*u - 35. Is y(10) a prime number?
False
Suppose -g + 4*v - 1 = 1, 5*v - 7 = -g. Is 585 + -1 + g + -7 + 4 prime?
False
Let v = -5405 + 9226. Is v a composite number?
False
Let p(z) = z**2 - 18. Let o be p(10). Suppose 2*m + 972 = 5*m. Suppose o = 2*l - m. Is l a composite number?
True
Let k(n) be the third derivative of 1/5*n**5 - 1/120*n**6 + 10*n**2 + 7/24*n**4 + 0*n - 13/6*n**3 + 0. Is k(9) a composite number?
False
Let g(l) = -3*l - 14. Let t be g(-5). Let w(o) = o - 1. Let c be w(6). Is (c - 6) + 12/t a composite number?
False
Let m(n) = 15*n - 6. Let s(d) = 2*d**2 - 3*d + 3. Let y be s(2). Suppose y*h + 15 = 10*h. Is m(h) a prime number?
False
Let t = 20439 + -14252. Is t composite?
True
Let x be 1/(4/(-2852*1)). Let n = x - -1196. Suppose 0*o - 3*o = -n. Is o prime?
False
Let h be (5/(-10) + 3)*2. Suppose h*s = 2*s + 1557. Is s a composite number?
True
Suppose -y + 10342 + 19692 = 5*z, 3*z = 3. Is y prime?
True
Suppose 0 = 4*s - 2 - 14. Suppose 2*z + 5*t - s*t = 525, 4*t - 1308 = -5*z. Let h = z + 487. Is h a prime number?
True
Let a(m) = -31 + 3 - 21 + 117*m. Is a(16) a composite number?
False
Suppose 32510 = 1631*b - 1621*b. Is b prime?
True
Is (4 + -5 - -5768) + 3 + 3 a prime number?
False
Is (-430980)/(-140) - (1 + (-22)/14) a composite number?
False
Is (-40)/(-320) + 19162*(-6)/(-32) a composite number?
False
Let m(s) = -s**3 - 2*s**2 - 9*s - 17. Suppose 4*j + 32 = -0*j - 3*i, 0 = -j + 5*i - 8. Is m(j) a prime number?
True
Suppose -5*k = 4*f - 12447, -7*k + 3*k = 3*f - 9335. Is f a prime number?
False
Suppose 2*y - 764 = -4*j - 138, 0 = y - 2*j - 301. Is y a composite number?
False
Suppose 5*b = i + 25, -2*b = -0*b - i - 10. Suppose -b*z + 856 = -4579. Is z a prime number?
True
Let o be 46*4/32 + 1/4. Let c be 2/1 - 3 - -150. Suppose o*m - 5*m = c. Is m a composite number?
False
Let a be (0 + -3)*(3 + -4). Suppose a*h + 96 = 5*p, h + 16 = p + 2*h. Is (-517)/(-2) - 27/p prime?
True
Let i = 2412 + 91. Is i composite?
False
Let i(k) = -k**3 + 10*k**2 - 7*k - 12. Let v be i(9). Let p be (20/(-14))/((-3)/21). Is v/15 - (-7446)/p a prime number?
False
Suppose -4*o + 27158 = 2*r, -4*o + 8*o - 3*r - 27173 = 0. Is o a prime number?
True
Let z be -4 - 2/((-8)/(-60) + 0). Let c(m) = 7*m**2 + 4*m - 14. Is c(z) prime?
True
Let y(p) = 140*p + 4. Let c(j) = 140*j + 5. Let z(b) = -3*c(b) + 2*y(b). Let x = 801 + -811. Is z(x) prime?
False
Is 0 + (-54642)/(-9) + 1/(-3) composite?
True
Suppose -4*f - 25 = -9, -3*f = -2*x + 11882. Is x composite?
True
Let y(x) = 10*x**2 + 7*x - 4. Let o(p) = -9*p**2 - 8*p + 4. Let m(z) = 5*o(z) + 6*y(z). Let u be m(-3). Suppose -5*k = -680 - u. Is k a prime number?
False
Let l = -68 + 75. Suppose 549 = l*x - 4. Is x prime?
True
Let i(b) = -22*b + 9. Let l be i(6). Let u = l - -257. Is u prime?
False
Suppose -5*d - 4*x + 24140 = 0, x = -d + 3787 + 1040. Suppose d + 6127 = 3*g. Is g prime?
False
Let w(u) = -u**3 - 16*u**2 - 15*u - 1. Let b be w(-15). Is (b - (-4)/3)*(-6 - -1767) a composite number?
False
Let q be 75/7 - -3*4/42. Suppose 1353 = -8*c + q*c. Is c a prime number?
False
Suppose 3*m - 2*h - 6 - 9 = 0, h = 0. Suppose -3*j = 2*a - 177, m*a = a. Is j a prime number?
True
Let h(q) be the second derivative of -1/2*q**2 + 0 + 4*q + 79/6*q**3. Is h(2) composite?
False
Suppose -5013 = t + 6402. Is t/(-30) + 2/4 a prime number?
False
Let q(k) = 94*k**2 + 5*k + 4. Let m be q(-3). Suppose -5*u = -2*t + 654, 2*u - 521 = -4*t + m. Is t a composite number?
False
Let l(d) = -d**2 + 6*d + 17. Let x be l(7). Suppose -x = -2*o - 4. Is o a composite number?
False
Suppose 8 = -2*n, 5*n + 244 = g - 467. Is g composite?
False
Let q(b) = 82*b**2 - 3*b + 374. Is q(15) a composite number?
True
Suppose -6*c - c + 140 = 0. Is ((-701)/2)/(c/(-40)) composite?
False
Suppose -16*b - 120959 + 389935 = 0. Is b a prime number?
True
Let v = 36 + 1461. Is v a composite number?
True
Suppose -24*k = -13*k - 120043. Is k composite?
True
Let y(c) = 1563*c**2 + 3*c + 1. Suppose 2*i = s - 0*s + 1, s + 5 = -2*i. Is y(i) a prime number?
False
Let r = 4915 + 4212. Is r composite?
False
Let b = -7136 - -22774. Suppose 10*y - b = -4*y. Is y prime?
True
Let o = -29 + 29. Suppose o = -6*n + 7*n - 85. Is n a prime number?
False
Let k(s) = -13*s**3 - 8*s**2 + 14*s - 23. Is k(-10) a composite number?
False
Let q = -24 + 26. Suppose r + m = -0*r, q*r - 3*m - 10 = 0. Suppose 394 + 244 = r*v. Is v a composite number?
True
Let h(u) = -6*u**3 - 13*u - 35. Let n be h(-5). Let j = 1651 - n. Is j a composite number?
True
Suppose 10*q - 18*q = 5280. Let f = 359 - q. Is f a composite number?
False
Let b = 4168 + -2275. Suppose -31*i + 34*i - b = 0. Is i composite?
False
Let t(s) = -s**3 + 3*s**2 - 4*s - 2. Let u be t(2). Is (19348/(-12) - 5)/(4/u) composite?
True
Suppose 0 = -7*c + 3*c + 4*l + 514376, 2*c = -3*l + 257173. Is c a composite number?
False
Suppose f - 12825 = -4*w, -53786 = -5*f - w + 10377. Is f composite?
True
Suppose -13 - 7 = -4*v. Suppose -6*p + 16 = -2*p, -d + 98 = -v*p. Is d prime?
False
Let y(n) = n**3 + n**2 - n + 4321. Is y(0) a prime number?
False
Let s(w) = -w**3 - 11*w**2 - 9*w + 10. Let v be s(-10). Suppose v = -j - j. Suppose j = 3*h - 291 - 192. Is h a composite number?
True
Suppose -2*v + 900 - 136 = -2*a, 2 = 2*a. Let t(w) = 4*w - 8. Let r be t(3). Suppose -r*d = s - v, -4*d + 310 + 76 = 2*s. Is d composite?
True
Suppose 6*f - 38540 = -3146. Is f a composite number?
True
Is (-1935210)/(-120) + (-2 - 9/(-4)) composite?
False
Let o = 57 + -58. Is 8 - 775/(-4) - o/4 composite?
True
Let z be 12/21*(-14)/(-4). Suppose z*d - 150 = -4*p, -2*p - 5*d = -p - 24. Is p composite?
True
Let p be -2*25/20*136. Let w = 603 + p. Is w a composite number?
False
Suppose 2*a - 6667 = -5*b, 3340 = 3*a - 2*a - 4*b. Suppose p = 3*x + 678, -5*p = x + 2*x - a. Is p composite?
True
Suppose 4*d - 63 = -23. Let t be (4/d)/((-6)/(-4680)). Let m = t - 219. Is m composite?
True
Let q = 15 - 11. Suppose -4*g - q*n = -4928, 4*n - 6155 = -6*g + g. Suppose -h = -4*h + g. Is h a prime number?
True
Suppose 2*l - 2504 - 7956 = 2*k, 5*k = -3*l + 15666. Is l a prime number?
True
Is 5 - ((-400)/75)/((-2)/(-1209)) prime?
True
Suppose 4*c - 25 = -3*z - c, z - 13 = -4*c. Suppose 4*p - 2010 = -2*d, 5030 = z*d + 3*p + 2*p. Is d a prime number?
False
Let p(y) = 3*y + 379. Is p(0) composite?
False
Suppose 52 = 4*q - 2*z - 232, -5*q + 3*z = -353. Let x = 334 + q. Is x a prime number?
False
Suppose -1230 = 2*k - 4*k + 2*q, -3096 = -5*k - 2*q. Let p be 12/(-2) + 105 + -95. Suppose -2*b + 2*o + k = 0, -o + 620 = 2*b - p*o. Is b a prime number?
True
Let k = -66 + 125. Let u = k - 17. Suppose -8*y = -6*y - u. Is y composite?
True
Is (-2)/(5*10/(-32125)) prime?
False
Is (-112)/(-616) - (-146177)/11 a composite number?
True
Let k(z) = -z + 18. Suppose 3*v = -2*v + 4*i + 67, -2*i = -5*v + 71. Let w be k(v). Is (-3)/(2/((-358)/w)) a composite number?
False
Let p be (3/2)/((-7)/14). Is p + (-4)/((-8)/362) a composite number?
True
Let u(w) = -336*w + 11. Let i be u(-2). Let m = i + -330. Is m a composite number?
False
Let n(v) = 74*v**2 + v. Let t be n(-1). Suppose 0*c = 4*o - c - 280, 0 = o - c - t. Suppose -3*b + 192 = -o. Is b prime?
False
Let o(u) = -u - 4. Let t be o(-4). Suppose -2*s + s - n + 397 = 0, -n = t. Is s composite?
False
Let x = -49 + 54. Suppose -2*c = 2*i - 38, x*c - 98 = -3*i - i. Is c a composite number?
True
Suppose 0 = -2*g - g + 27. Let b(r) = 10 - 89*r + r**2 + 171*r - 74*r. Is b(g) a composite number?
False
Suppose 0 = 5*r - 16896 - 41349. Let j = r + -7443. Is 4/(-22) - j/(-22) prime?
True
Let c(i) = -i**3 - 10*i**2 - i - 10. Let p be c(-10). Suppose 5*v + 45 = -5*z - p*z, 5*v + z = -25. Let n(f) = -141*f - 5. Is n(v) a composite number?
True
Suppose -9*z - 77207 = -22*z. Is z a prime number?
True
Let a(o) = 14*o**2 - 4*o